{"id":723,"date":"2024-06-05T15:39:13","date_gmt":"2024-06-05T15:39:13","guid":{"rendered":"https:\/\/carat.com.ar\/?page_id=723"},"modified":"2025-07-03T18:21:34","modified_gmt":"2025-07-03T18:21:34","slug":"circa-galeria-de-arte","status":"publish","type":"page","link":"https:\/\/carat.com.ar\/pt\/circa-galeria-de-arte\/","title":{"rendered":""},"content":{"rendered":"\n<div style=\"height:100px\" aria-hidden=\"true\" class=\"wp-block-spacer\"><\/div>\n\n\n\n<h2 class=\"wp-block-heading has-text-align-center\" style=\"margin-top: 30px;width: 100%;\">Circa inaugura su nuevo espacio en <strong>Carat Apart Boutique<\/strong><\/h2>\n\n\n\n<div style=\"height:30px\" aria-hidden=\"true\" class=\"wp-block-spacer\"><\/div>\n\n\n\n<p><strong>La galer\u00eda de arte Circa est\u00e1 ubicada en calle Montevideo 1564 de la ciudad de Rosario forma parte de Carat Apart Boutique y es el primer hotel de la regi\u00f3n que tiene su propio espacio de arte. Una combinaci\u00f3n \u00fanica de lujo y cultura.<\/strong><\/p>\n\n\n\n<p>Circa es una galer\u00eda de arte que propone el di\u00e1logo entre colecciones de obras de arte moderno y las producciones actuales de artistas contempor\u00e1neos.<\/p>\n\n\n\n<p>Paula Santill\u00e1n, directora de Circa, es parte de una familia con ra\u00edces en el mundo del arte. Con m\u00e1s de 20 a\u00f1os de trayectoria, lidera un equipo que trabaja para conectar a todos los eslabones de la cadena del mercado art\u00edstico, preservando la esencia y los recursos que hacen del arte una experiencia sensible.<\/p>\n\n\n\n<p>Los cupos son limitados y cada invitado deber\u00e1 confirmar su presencia enviando nombre completo a&nbsp;<a href=\"mailto:circa.inscripciones@gmail.com\" target=\"_blank\" rel=\"noreferrer noopener\">circa.inscripciones@gmail.com<\/a><\/p>\n\n\n\n<figure class=\"wp-block-gallery has-nested-images columns-default is-cropped wp-block-gallery-1 is-layout-flex wp-block-gallery-is-layout-flex\">\n<figure class=\"wp-block-image size-large\"><a href=\"https:\/\/carat.com.ar\/wp-content\/uploads\/2025\/07\/GALERIA-CIRCA-1-scaled.jpg\"><img loading=\"lazy\" decoding=\"async\" width=\"1024\" height=\"683\" data-id=\"1003\" src=\"https:\/\/carat.com.ar\/wp-content\/uploads\/2025\/07\/GALERIA-CIRCA-1-1024x683.jpg\" alt=\"\" class=\"wp-image-1003\" srcset=\"https:\/\/carat.com.ar\/wp-content\/uploads\/2025\/07\/GALERIA-CIRCA-1-1024x683.jpg 1024w, https:\/\/carat.com.ar\/wp-content\/uploads\/2025\/07\/GALERIA-CIRCA-1-300x200.jpg 300w, https:\/\/carat.com.ar\/wp-content\/uploads\/2025\/07\/GALERIA-CIRCA-1-768x512.jpg 768w, https:\/\/carat.com.ar\/wp-content\/uploads\/2025\/07\/GALERIA-CIRCA-1-1536x1024.jpg 1536w, https:\/\/carat.com.ar\/wp-content\/uploads\/2025\/07\/GALERIA-CIRCA-1-2048x1365.jpg 2048w\" sizes=\"auto, (max-width: 1024px) 100vw, 1024px\" \/><\/a><\/figure>\n\n\n\n<figure class=\"wp-block-image size-large\"><a href=\"https:\/\/carat.com.ar\/wp-content\/uploads\/2025\/07\/GALERIA-CIRCA-2-scaled.jpg\"><img loading=\"lazy\" decoding=\"async\" width=\"1024\" height=\"683\" data-id=\"1004\" src=\"https:\/\/carat.com.ar\/wp-content\/uploads\/2025\/07\/GALERIA-CIRCA-2-1024x683.jpg\" alt=\"\" class=\"wp-image-1004\" srcset=\"https:\/\/carat.com.ar\/wp-content\/uploads\/2025\/07\/GALERIA-CIRCA-2-1024x683.jpg 1024w, https:\/\/carat.com.ar\/wp-content\/uploads\/2025\/07\/GALERIA-CIRCA-2-300x200.jpg 300w, https:\/\/carat.com.ar\/wp-content\/uploads\/2025\/07\/GALERIA-CIRCA-2-768x512.jpg 768w, https:\/\/carat.com.ar\/wp-content\/uploads\/2025\/07\/GALERIA-CIRCA-2-1536x1024.jpg 1536w, https:\/\/carat.com.ar\/wp-content\/uploads\/2025\/07\/GALERIA-CIRCA-2-2048x1365.jpg 2048w\" sizes=\"auto, (max-width: 1024px) 100vw, 1024px\" \/><\/a><\/figure>\n<\/figure>\n","protected":false},"excerpt":{"rendered":"<p>Circa inaugura su nuevo espacio en Carat Apart Boutique La galer\u00eda de arte Circa est\u00e1 ubicada en calle Montevideo 1564 de la ciudad de Rosario forma parte de Carat Apart Boutique y es el primer hotel de la regi\u00f3n que tiene su propio espacio de arte. Una combinaci\u00f3n \u00fanica de lujo y cultura. Circa es [&hellip;]<\/p>\n","protected":false},"author":4,"featured_media":0,"parent":0,"menu_order":0,"comment_status":"closed","ping_status":"closed","template":"","meta":{"_joinchat":[],"footnotes":""},"class_list":["post-723","page","type-page","status-publish","hentry"],"_links":{"self":[{"href":"https:\/\/carat.com.ar\/pt\/wp-json\/wp\/v2\/pages\/723","targetHints":{"allow":["GET"]}}],"collection":[{"href":"https:\/\/carat.com.ar\/pt\/wp-json\/wp\/v2\/pages"}],"about":[{"href":"https:\/\/carat.com.ar\/pt\/wp-json\/wp\/v2\/types\/page"}],"author":[{"embeddable":true,"href":"https:\/\/carat.com.ar\/pt\/wp-json\/wp\/v2\/users\/4"}],"replies":[{"embeddable":true,"href":"https:\/\/carat.com.ar\/pt\/wp-json\/wp\/v2\/comments?post=723"}],"version-history":[{"count":5,"href":"https:\/\/carat.com.ar\/pt\/wp-json\/wp\/v2\/pages\/723\/revisions"}],"predecessor-version":[{"id":1006,"href":"https:\/\/carat.com.ar\/pt\/wp-json\/wp\/v2\/pages\/723\/revisions\/1006"}],"wp:attachment":[{"href":"https:\/\/carat.com.ar\/pt\/wp-json\/wp\/v2\/media?parent=723"}],"curies":[{"name":"wp","href":"https:\/\/api.w.org\/{rel}","templated":true}]}}

<div style="height:100px" aria-hidden="true" class="wp-block-spacer"></div>



<h2 class="wp-block-heading has-text-align-center" style="margin-top: 30px;width: 100%;">Circa inaugura su nuevo espacio en <strong>Carat Apart Boutique</strong></h2>



<div style="height:30px" aria-hidden="true" class="wp-block-spacer"></div>



<p><strong>La galería de arte Circa está ubicada en calle Montevideo 1564 de la ciudad de Rosario forma parte de Carat Apart Boutique y es el primer hotel de la región que tiene su propio espacio de arte. Una combinación única de lujo y cultura.</strong></p>



<p>Circa es una galería de arte que propone el diálogo entre colecciones de obras de arte moderno y las producciones actuales de artistas contemporáneos.</p>



<p>Paula Santillán, directora de Circa, es parte de una familia con raíces en el mundo del arte. Con más de 20 años de trayectoria, lidera un equipo que trabaja para conectar a todos los eslabones de la cadena del mercado artístico, preservando la esencia y los recursos que hacen del arte una experiencia sensible.</p>



<p>Los cupos son limitados y cada invitado deberá confirmar su presencia enviando nombre completo a&nbsp;<a href="mailto:circa.inscripciones@gmail.com" target="_blank" rel="noreferrer noopener">circa.inscripciones@gmail.com</a></p>



<figure class="wp-block-gallery has-nested-images columns-default is-cropped wp-block-gallery-1 is-layout-flex wp-block-gallery-is-layout-flex">
<figure class="wp-block-image size-large"><a href="https://carat.com.ar/wp-content/uploads/2025/07/GALERIA-CIRCA-1-scaled.jpg"><img loading="lazy" decoding="async" width="1024" height="683" data-id="1003" src="https://carat.com.ar/wp-content/uploads/2025/07/GALERIA-CIRCA-1-1024x683.jpg" alt="" class="wp-image-1003" srcset="https://carat.com.ar/wp-content/uploads/2025/07/GALERIA-CIRCA-1-1024x683.jpg 1024w, https://carat.com.ar/wp-content/uploads/2025/07/GALERIA-CIRCA-1-300x200.jpg 300w, https://carat.com.ar/wp-content/uploads/2025/07/GALERIA-CIRCA-1-768x512.jpg 768w, https://carat.com.ar/wp-content/uploads/2025/07/GALERIA-CIRCA-1-1536x1024.jpg 1536w, https://carat.com.ar/wp-content/uploads/2025/07/GALERIA-CIRCA-1-2048x1365.jpg 2048w" sizes="auto, (max-width: 1024px) 100vw, 1024px" /></a></figure>



<figure class="wp-block-image size-large"><a href="https://carat.com.ar/wp-content/uploads/2025/07/GALERIA-CIRCA-2-scaled.jpg"><img loading="lazy" decoding="async" width="1024" height="683" data-id="1004" src="https://carat.com.ar/wp-content/uploads/2025/07/GALERIA-CIRCA-2-1024x683.jpg" alt="" class="wp-image-1004" srcset="https://carat.com.ar/wp-content/uploads/2025/07/GALERIA-CIRCA-2-1024x683.jpg 1024w, https://carat.com.ar/wp-content/uploads/2025/07/GALERIA-CIRCA-2-300x200.jpg 300w, https://carat.com.ar/wp-content/uploads/2025/07/GALERIA-CIRCA-2-768x512.jpg 768w, https://carat.com.ar/wp-content/uploads/2025/07/GALERIA-CIRCA-2-1536x1024.jpg 1536w, https://carat.com.ar/wp-content/uploads/2025/07/GALERIA-CIRCA-2-2048x1365.jpg 2048w" sizes="auto, (max-width: 1024px) 100vw, 1024px" /></a></figure>
</figure>

<p>Circa inaugura su nuevo espacio en Carat Apart Boutique La galería de arte Circa está ubicada en calle Montevideo 1564 de la ciudad de Rosario forma parte de Carat Apart Boutique y es el primer hotel de la región que tiene su propio espacio de arte. Una combinación única de lujo y cultura. Circa es [&hellip;]</p>
